{"id":1654,"date":"2021-05-02T20:00:43","date_gmt":"2021-05-02T20:00:43","guid":{"rendered":"http:\/\/kaanhurelli.com\/lipanew\/?page_id=1654"},"modified":"2021-06-30T14:16:20","modified_gmt":"2021-06-30T14:16:20","slug":"marka-konumlandirma-ve-marka-yonetimi-arastirmalari","status":"publish","type":"page","link":"http:\/\/lipaconsultancy.com\/site\/arastirma\/marka-konumlandirma-ve-marka-yonetimi-arastirmalari\/","title":{"rendered":"MARKA KONUMLANDIRMA VE MARKA Y\u00d6NET\u0130M\u0130 ARA\u015eTIRMALARI"},"content":{"rendered":"<p>[vc_row][vc_column width=&#8221;1\/2&#8243;][vc_column_text]Geli\u015fen d\u00fcnyam\u0131zda yeni bir \u00fcr\u00fcn\u00fcn veya var olan \u00fcr\u00fcn veya hizmetin geli\u015fmesinde piyasaya girmeden \u00f6nce iyi bir analiz yap\u0131lmas\u0131, hedef kitle veya potansiyel m\u00fc\u015fteri kitlesi\u00a0 olu\u015fturmada ve geli\u015ftirmede \u00e7ok \u00f6nemlidir.<\/p>\n<p>Alanda deneyimli ekiple y\u00fcr\u00fctt\u00fc\u011f\u00fcm\u00fcz ve y\u00fcr\u00fctece\u011fimiz Marka Y\u00f6netimi Ara\u015ft\u0131rmalar\u0131, marka stratejisi belirleme, marka g\u00f6r\u00fcn\u00fcrl\u00fc\u011f\u00fc, marka\u00a0 iyile\u015ftirme, NPS skorunu art\u0131rmada ve rekabet edilebilirli\u011fini art\u0131rmada yol g\u00f6sterir. Bu y\u00f6ntemlerle \u015firketler, ileti\u015fim ve sat\u0131\u015f stratejilerini hedef kitleye do\u011fru \u015fekilde aktararak marka y\u00f6netimini pozitif y\u00f6nde s\u00fcrd\u00fcrebilmektedirler.[\/vc_column_text][\/vc_column][vc_column width=&#8221;1\/2&#8243;][vc_single_image image=&#8221;2311&#8243; img_size=&#8221;full&#8221;][\/vc_column][\/vc_row][vc_section full_width=&#8221;stretch_row&#8221; css=&#8221;.vc_custom_1481466023488{margin-bottom: -40px !important;padding-top: 0px !important;}&#8221;][vc_row full_width=&#8221;stretch_row&#8221; content_placement=&#8221;middle&#8221; css=&#8221;.vc_custom_1622972045656{margin-bottom: 0px !important;padding-top: 20px !important;padding-bottom: 20px !important;background: #942b26 url(http:\/\/dummy.xtemos.com\/basel\/vers\/wp-content\/uploads\/sites\/3\/2017\/01\/info-call-1.png?id=602) !important;background-position: 0 0 !important;background-repeat: no-repeat !important;}&#8221;][vc_column width=&#8221;5\/6&#8243; basel_color_scheme=&#8221;light&#8221; css=&#8221;.vc_custom_1481460303734{padding-top: 20px !important;padding-bottom: 20px !important;}&#8221;][vc_column_text css=&#8221;.vc_custom_1619644616891{margin-bottom: 0px !important;}&#8221;]<\/p>\n<p style=\"font-size: 37px; font-weight: 300; color: white; margin-bottom: 0px; line-height: 45px;\">T\u00fcm sorular\u0131n\u0131z i\u00e7in bize ula\u015f\u0131n.<\/p>\n<p style=\"font-size: 30px;\"><strong>+90 533 885 8101 \/ +90 392 228 0810<\/strong><\/p>\n<p>[\/vc_column_text][\/vc_column][vc_column width=&#8221;1\/6&#8243; css=&#8221;.vc_custom_1481367707658{padding-top: 0px !important;}&#8221;][vc_btn title=&#8221;<strong>\u0130LET\u0130\u015e\u0130M<\/strong>&#8221; style=&#8221;custom&#8221; custom_background=&#8221;#ffffff&#8221; custom_text=&#8221;#942b26&#8243; shape=&#8221;square&#8221; size=&#8221;lg&#8221; align=&#8221;center&#8221; css=&#8221;.vc_custom_1622972765604{margin-bottom: 0px !important;}&#8221; link=&#8221;url:http%3A%2F%2Fkaanhurelli.com%2Flipanew%2Filetisim%2F|title:%C4%B0LET%C4%B0%C5%9E%C4%B0M&#8221;][\/vc_column][\/vc_row][\/vc_section]<\/p>\n","protected":false},"excerpt":{"rendered":"<p>[vc_row][vc_column width=&#8221;1\/2&#8243;][vc_column_text]Geli\u015fen d\u00fcnyam\u0131zda yeni bir \u00fcr\u00fcn\u00fcn veya var olan \u00fcr\u00fcn veya hizmetin geli\u015fmesinde piyasaya girmeden \u00f6nce iyi bir analiz yap\u0131lmas\u0131,<\/p>\n","protected":false},"author":1,"featured_media":0,"parent":1514,"menu_order":0,"comment_status":"closed","ping_status":"closed","template":"","meta":{"footnotes":""},"class_list":["post-1654","page","type-page","status-publish","hentry"],"_links":{"self":[{"href":"http:\/\/lipaconsultancy.com\/site\/wp-json\/wp\/v2\/pages\/1654","targetHints":{"allow":["GET"]}}],"collection":[{"href":"http:\/\/lipaconsultancy.com\/site\/wp-json\/wp\/v2\/pages"}],"about":[{"href":"http:\/\/lipaconsultancy.com\/site\/wp-json\/wp\/v2\/types\/page"}],"author":[{"embeddable":true,"href":"http:\/\/lipaconsultancy.com\/site\/wp-json\/wp\/v2\/users\/1"}],"replies":[{"embeddable":true,"href":"http:\/\/lipaconsultancy.com\/site\/wp-json\/wp\/v2\/comments?post=1654"}],"version-history":[{"count":6,"href":"http:\/\/lipaconsultancy.com\/site\/wp-json\/wp\/v2\/pages\/1654\/revisions"}],"predecessor-version":[{"id":2313,"href":"http:\/\/lipaconsultancy.com\/site\/wp-json\/wp\/v2\/pages\/1654\/revisions\/2313"}],"up":[{"embeddable":true,"href":"http:\/\/lipaconsultancy.com\/site\/wp-json\/wp\/v2\/pages\/1514"}],"wp:attachment":[{"href":"http:\/\/lipaconsultancy.com\/site\/wp-json\/wp\/v2\/media?parent=1654"}],"curies":[{"name":"wp","href":"https:\/\/api.w.org\/{rel}","templated":true}]}}