{"id":1647,"date":"2021-05-02T19:32:31","date_gmt":"2021-05-02T19:32:31","guid":{"rendered":"http:\/\/kaanhurelli.com\/lipanew\/?page_id=1647"},"modified":"2021-06-06T20:41:54","modified_gmt":"2021-06-06T20:41:54","slug":"is-plani-ve-fizibilite","status":"publish","type":"page","link":"http:\/\/lipaconsultancy.com\/site\/danismanlik\/yatirim\/is-plani-ve-fizibilite\/","title":{"rendered":"\u0130\u015e PLANI VE F\u0130Z\u0130B\u0130L\u0130TE"},"content":{"rendered":"<p>[vc_row][vc_column][vc_empty_space height=&#8221;20px&#8221;][\/vc_column][\/vc_row][vc_row][vc_column width=&#8221;1\/2&#8243;][vc_column_text]Yat\u0131r\u0131m fikrinizi hayata ge\u00e7irmeden \u00f6nce yat\u0131r\u0131m\u0131n\u0131z\u0131n performans\u0131n\u0131, geri d\u00f6n\u00fc\u015f h\u0131z\u0131n\u0131 ve ba\u015far\u0131s\u0131n\u0131 \u00f6l\u00e7mek yat\u0131r\u0131mc\u0131lar i\u00e7in \u00f6nemli bir konudur. Bunun yan\u0131nda yat\u0131r\u0131m fikrinizin farkl\u0131 devlet kurumlar\u0131ndan te\u015fvik almas\u0131 veya kredirilendirilmesi de bir fizibilite \u00e7al\u0131\u015fmas\u0131 neticesinde olmaktad\u0131r.<\/p>\n<p>Dan\u0131\u015fmanlar\u0131m\u0131z size i\u015f fikrinize ve ba\u015fvuru yerinize en uygun modelde bir i\u015f plan\u0131 haz\u0131rlay\u0131p gerek yat\u0131r\u0131m\u0131n\u0131z\u0131n gelecekteki performans\u0131n\u0131 analiz etmenize gerekse de yat\u0131r\u0131m\u0131n kredi almas\u0131na veya te\u015fviklendirilmesine yard\u0131mc\u0131 olacaklard\u0131r.[\/vc_column_text][\/vc_column][vc_column width=&#8221;1\/2&#8243;][vc_single_image image=&#8221;1982&#8243; img_size=&#8221;full&#8221;][\/vc_column][\/vc_row][vc_section full_width=&#8221;stretch_row&#8221; css=&#8221;.vc_custom_1481466023488{margin-bottom: -40px !important;padding-top: 0px !important;}&#8221;][vc_row full_width=&#8221;stretch_row&#8221; content_placement=&#8221;middle&#8221; css=&#8221;.vc_custom_1622972045656{margin-bottom: 0px !important;padding-top: 20px !important;padding-bottom: 20px !important;background: #942b26 url(http:\/\/dummy.xtemos.com\/basel\/vers\/wp-content\/uploads\/sites\/3\/2017\/01\/info-call-1.png?id=602) !important;background-position: 0 0 !important;background-repeat: no-repeat !important;}&#8221;][vc_column width=&#8221;5\/6&#8243; basel_color_scheme=&#8221;light&#8221; css=&#8221;.vc_custom_1481460303734{padding-top: 20px !important;padding-bottom: 20px !important;}&#8221;][vc_column_text css=&#8221;.vc_custom_1619644616891{margin-bottom: 0px !important;}&#8221;]<\/p>\n<p style=\"font-size: 37px; font-weight: 300; color: white; margin-bottom: 0px; line-height: 45px;\">T\u00fcm sorular\u0131n\u0131z i\u00e7in bize ula\u015f\u0131n.<\/p>\n<p style=\"font-size: 30px;\"><strong>+90 533 885 8101 \/ +90 392 228 0810<\/strong><\/p>\n<p>[\/vc_column_text][\/vc_column][vc_column width=&#8221;1\/6&#8243; css=&#8221;.vc_custom_1481367707658{padding-top: 0px !important;}&#8221;][vc_btn title=&#8221;<strong>\u0130LET\u0130\u015e\u0130M<\/strong>&#8221; style=&#8221;custom&#8221; custom_background=&#8221;#ffffff&#8221; custom_text=&#8221;#942b26&#8243; shape=&#8221;square&#8221; size=&#8221;lg&#8221; align=&#8221;center&#8221; css=&#8221;.vc_custom_1622972765604{margin-bottom: 0px !important;}&#8221; link=&#8221;url:http%3A%2F%2Fkaanhurelli.com%2Flipanew%2Filetisim%2F|title:%C4%B0LET%C4%B0%C5%9E%C4%B0M&#8221;][\/vc_column][\/vc_row][\/vc_section]<\/p>\n","protected":false},"excerpt":{"rendered":"<p>[vc_row][vc_column][vc_empty_space height=&#8221;20px&#8221;][\/vc_column][\/vc_row][vc_row][vc_column width=&#8221;1\/2&#8243;][vc_column_text]Yat\u0131r\u0131m fikrinizi hayata ge\u00e7irmeden \u00f6nce yat\u0131r\u0131m\u0131n\u0131z\u0131n performans\u0131n\u0131, geri d\u00f6n\u00fc\u015f h\u0131z\u0131n\u0131 ve ba\u015far\u0131s\u0131n\u0131 \u00f6l\u00e7mek yat\u0131r\u0131mc\u0131lar i\u00e7in \u00f6nemli bir konudur.<\/p>\n","protected":false},"author":1,"featured_media":0,"parent":1638,"menu_order":0,"comment_status":"closed","ping_status":"closed","template":"","meta":{"footnotes":""},"class_list":["post-1647","page","type-page","status-publish","hentry"],"_links":{"self":[{"href":"http:\/\/lipaconsultancy.com\/site\/wp-json\/wp\/v2\/pages\/1647","targetHints":{"allow":["GET"]}}],"collection":[{"href":"http:\/\/lipaconsultancy.com\/site\/wp-json\/wp\/v2\/pages"}],"about":[{"href":"http:\/\/lipaconsultancy.com\/site\/wp-json\/wp\/v2\/types\/page"}],"author":[{"embeddable":true,"href":"http:\/\/lipaconsultancy.com\/site\/wp-json\/wp\/v2\/users\/1"}],"replies":[{"embeddable":true,"href":"http:\/\/lipaconsultancy.com\/site\/wp-json\/wp\/v2\/comments?post=1647"}],"version-history":[{"count":3,"href":"http:\/\/lipaconsultancy.com\/site\/wp-json\/wp\/v2\/pages\/1647\/revisions"}],"predecessor-version":[{"id":1983,"href":"http:\/\/lipaconsultancy.com\/site\/wp-json\/wp\/v2\/pages\/1647\/revisions\/1983"}],"up":[{"embeddable":true,"href":"http:\/\/lipaconsultancy.com\/site\/wp-json\/wp\/v2\/pages\/1638"}],"wp:attachment":[{"href":"http:\/\/lipaconsultancy.com\/site\/wp-json\/wp\/v2\/media?parent=1647"}],"curies":[{"name":"wp","href":"https:\/\/api.w.org\/{rel}","templated":true}]}}