{"id":1613,"date":"2021-05-02T18:37:53","date_gmt":"2021-05-02T18:37:53","guid":{"rendered":"http:\/\/kaanhurelli.com\/lipanew\/?page_id=1613"},"modified":"2021-06-13T20:09:20","modified_gmt":"2021-06-13T20:09:20","slug":"personel-bulma-ve-istihdam-saglama","status":"publish","type":"page","link":"http:\/\/lipaconsultancy.com\/site\/danismanlik\/organizasyon\/personel-bulma-ve-istihdam-saglama\/","title":{"rendered":"PERSONEL BULMA VE \u0130ST\u0130HDAM SA\u011eLAMA"},"content":{"rendered":"<p>[vc_row][vc_column][vc_empty_space height=&#8221;20px&#8221;][vc_custom_heading text=&#8221;\u015eirketinizi Gelece\u011fe Haz\u0131rlay\u0131n&#8221; font_container=&#8221;tag:h2|text_align:center&#8221; google_fonts=&#8221;font_family:Archivo%20Black%3Aregular|font_style:400%20regular%3A400%3Anormal&#8221;][vc_empty_space height=&#8221;20px&#8221;][\/vc_column][\/vc_row][vc_row][vc_column width=&#8221;1\/2&#8243;][vc_column_text]\u015eirketinizde ihtiya\u00e7 duyulan pozisyonlara istihdam yapma konusunda sa\u011flad\u0131\u011f\u0131m\u0131z destek ile hem \u015firketinizin bu i\u015fe harcayaca\u011f\u0131 zaman ve maliyetlerden tasarruf etmesini sa\u011flamaktay\u0131z hem de \u015firketiniz i\u00e7in en uygun aday\u0131n bulunmas\u0131 i\u00e7in en profesyonel deste\u011fi sa\u011flamaktay\u0131z. Bu \u015fekilde \u015firketinize uygun say\u0131daki adaya daha k\u0131sa s\u00fcrede ula\u015fma imkan\u0131 olmaktad\u0131r.<\/p>\n<p>\u0130stihdam s\u00fcrecinde \u015firketimiz firman\u0131n ihtiyac\u0131na uygun pozisyonun tan\u0131m\u0131n\u0131 yapmakta, daha sonra bunun duyurusunu yaparak se\u00e7ilen adaylar aras\u0131nda \u00e7e\u015fitli testler uygulay\u0131p testlerde ba\u015far\u0131l\u0131 olanlar\u0131 daha sonra da m\u00fclakatlara \u00e7a\u011f\u0131rmaktad\u0131r.<\/p>\n<p>En son a\u015famada belirlenen adaylar ise bir de\u011ferlendirme dosyas\u0131 ile \u015firketinize sunulmaktad\u0131r. M\u00fc\u015fterilerimiz d\u0131\u015far\u0131dan kaynak bizlerle \u00e7al\u0131\u015farak ana faaliyetleri d\u0131\u015f\u0131ndaki i\u015fleri bizim gibi uzman kaynaklara y\u00f6nlendirerek zaman-maliyet tasarrufu da sa\u011flayabilmektedir.[\/vc_column_text][\/vc_column][vc_column width=&#8221;1\/2&#8243;][vc_single_image image=&#8221;1999&#8243; img_size=&#8221;full&#8221;][\/vc_column][\/vc_row][vc_section full_width=&#8221;stretch_row&#8221; css=&#8221;.vc_custom_1481466023488{margin-bottom: -40px !important;padding-top: 0px !important;}&#8221;][vc_row full_width=&#8221;stretch_row&#8221; content_placement=&#8221;middle&#8221; css=&#8221;.vc_custom_1622973371845{margin-bottom: 0px !important;padding-top: 20px !important;padding-bottom: 20px !important;background: #942b26 url(http:\/\/dummy.xtemos.com\/basel\/vers\/wp-content\/uploads\/sites\/3\/2017\/01\/info-call-1.png?id=602) !important;background-position: 0 0 !important;background-repeat: no-repeat !important;}&#8221;][vc_column width=&#8221;5\/6&#8243; basel_color_scheme=&#8221;light&#8221; css=&#8221;.vc_custom_1481460303734{padding-top: 20px !important;padding-bottom: 20px !important;}&#8221;][vc_column_text css=&#8221;.vc_custom_1619644616891{margin-bottom: 0px !important;}&#8221;]<\/p>\n<p style=\"font-size: 37px; font-weight: 300; color: white; margin-bottom: 0px; line-height: 45px;\">T\u00fcm sorular\u0131n\u0131z i\u00e7in bize ula\u015f\u0131n.<\/p>\n<p style=\"font-size: 30px;\"><strong>+90 533 885 8101 \/ +90 392 228 0810<\/strong><\/p>\n<p>[\/vc_column_text][\/vc_column][vc_column width=&#8221;1\/6&#8243; css=&#8221;.vc_custom_1481367707658{padding-top: 0px !important;}&#8221;][vc_btn title=&#8221;<strong>\u0130LET\u0130\u015e\u0130M<\/strong>&#8221; style=&#8221;custom&#8221; custom_background=&#8221;#ffffff&#8221; custom_text=&#8221;#942b26&#8243; shape=&#8221;square&#8221; size=&#8221;lg&#8221; align=&#8221;center&#8221; css=&#8221;.vc_custom_1622973395547{margin-bottom: 0px !important;}&#8221; link=&#8221;url:http%3A%2F%2Fkaanhurelli.com%2Flipanew%2Filetisim%2F|title:%C4%B0LET%C4%B0%C5%9E%C4%B0M&#8221;][\/vc_column][\/vc_row][\/vc_section]<\/p>\n","protected":false},"excerpt":{"rendered":"<p>[vc_row][vc_column][vc_empty_space height=&#8221;20px&#8221;][vc_custom_heading text=&#8221;\u015eirketinizi Gelece\u011fe Haz\u0131rlay\u0131n&#8221; font_container=&#8221;tag:h2|text_align:center&#8221; google_fonts=&#8221;font_family:Archivo%20Black%3Aregular|font_style:400%20regular%3A400%3Anormal&#8221;][vc_empty_space height=&#8221;20px&#8221;][\/vc_column][\/vc_row][vc_row][vc_column width=&#8221;1\/2&#8243;][vc_column_text]\u015eirketinizde ihtiya\u00e7 duyulan pozisyonlara istihdam yapma konusunda sa\u011flad\u0131\u011f\u0131m\u0131z destek ile hem \u015firketinizin<\/p>\n","protected":false},"author":1,"featured_media":0,"parent":1509,"menu_order":0,"comment_status":"closed","ping_status":"closed","template":"","meta":{"footnotes":""},"class_list":["post-1613","page","type-page","status-publish","hentry"],"_links":{"self":[{"href":"http:\/\/lipaconsultancy.com\/site\/wp-json\/wp\/v2\/pages\/1613","targetHints":{"allow":["GET"]}}],"collection":[{"href":"http:\/\/lipaconsultancy.com\/site\/wp-json\/wp\/v2\/pages"}],"about":[{"href":"http:\/\/lipaconsultancy.com\/site\/wp-json\/wp\/v2\/types\/page"}],"author":[{"embeddable":true,"href":"http:\/\/lipaconsultancy.com\/site\/wp-json\/wp\/v2\/users\/1"}],"replies":[{"embeddable":true,"href":"http:\/\/lipaconsultancy.com\/site\/wp-json\/wp\/v2\/comments?post=1613"}],"version-history":[{"count":5,"href":"http:\/\/lipaconsultancy.com\/site\/wp-json\/wp\/v2\/pages\/1613\/revisions"}],"predecessor-version":[{"id":2046,"href":"http:\/\/lipaconsultancy.com\/site\/wp-json\/wp\/v2\/pages\/1613\/revisions\/2046"}],"up":[{"embeddable":true,"href":"http:\/\/lipaconsultancy.com\/site\/wp-json\/wp\/v2\/pages\/1509"}],"wp:attachment":[{"href":"http:\/\/lipaconsultancy.com\/site\/wp-json\/wp\/v2\/media?parent=1613"}],"curies":[{"name":"wp","href":"https:\/\/api.w.org\/{rel}","templated":true}]}}